 factor of a and 75?
75
Suppose -6*l + 2*l = -144. Let v(k) = -10*k**3 + k**2 + 125*k + 123. Let u be v(-1). Calculate the highest common factor of u and l.
9
Suppose -6932*o + 6915*o + 1020 = 0. What is the greatest common divisor of o and 6015?
15
Suppose 43 - 274 = -3*a. Let d be 18 - ((-34)/8 + (-1)/(-4)). Calculate the greatest common divisor of d and a.
11
Let n(l) = 10*l - 33. Let v be n(4). Let f be (-213)/(-3) + (1 - v). What is the highest common factor of f and 845?
65
Suppose -4*l + p = -23967 - 3403, l + 2*p = 6838. Calculate the greatest common factor of l and 176.
22
Suppose 0 = p + k - 1 - 1, -4*k = 5*p - 11. Suppose 4 - 16 = p*r. Let d be (408/(-60))/(r/10). Calculate the greatest common factor of d and 85.
17
Let k = 2201 + -1971. Calculate the highest common divisor of k and 4324.
46
Let p = 42 + -20. Let w = p - 18. Let i be (24/(-10) - -4)/(w/50). Calculate the highest common factor of 20 and i.
20
Suppose 2*c + 94*y = 93*y + 521, 2*c = -2*y + 520. Calculate the highest common divisor of 297 and c.
9
Let g(a) = a**3 - 25*a**2 + 129*a + 122. Let q be g(17). Calculate the greatest common divisor of q and 843.
3
Suppose x + 3 = 6. Let d(l) = -1 + 4*l - 2*l**2 - 5 - 2*l**2 + 0*l**x + l**3. Let m be d(4). What is the greatest common factor of m and 25?
5
Let l(a) = a**3 - 48*a**2 + 93*a - 27. Let g be l(46). Let s be ((-114)/(-3))/(-3 + 5). Calculate the highest common divisor of s and g.
19
Let x(o) = -o**3 + 28*o**2 + 124*o + 5. Let m be x(-7). Calculate the greatest common factor of 180 and m.
12
Let p be (-357120)/(-434) - 3/(63/(-24)). What is the greatest common factor of 8 and p?
8
Suppose -6*j - 10 = 44. Let u be (11/((-66)/j))/(3/26). What is the greatest common factor of 2 and u?
1
Suppose -355 = -5*l - 5*p - 130, 4*l - 5*p - 225 = 0. Let i be ((-70)/l + 6/15)/(-1). Calculate the highest common divisor of 2 and i.
1
Let h(b) = -b**2 - 14*b - 9. Let a be h(-13). Let f be -2*(-16 + -4) + -11 + 11. Suppose -a*p + 0 = -f. Calculate the greatest common factor of 30 and p.
10
Let z be (-1)/((-935)/1156 - 3/(-4)). Calculate the greatest common factor of 5933 and z.
17
Suppose r + 146 = 3*g, -32 - 152 = -4*g - 4*r. Calculate the greatest common factor of g and 9.
3
Let l be (3/2)/(36/912). Let w = 86 - l. Let p(y) = y**3 - 7*y**2 + 8*y - 8. Let o be p(6). What is the greatest common divisor of o and w?
4
Let g(l) = -13*l**3 - 11*l**2 + 8*l - 3. Let f be g(-7). Suppose -1243 + f = 34*t. Calculate the greatest common factor of t and 220.
11
Let l(y) = -y**3 - 13*y - 17. Let g be l(-4). What is the highest common divisor of g and 88?
11
Let w be (-41)/(-3 + (2 - 0/(-3))). Let c = w + -32. What is the greatest common divisor of c and 117?
9
Let a be (33/6 - 0)/((-6)/132). Let q = a - -185. Calculate the highest common factor of 8 and q.
8
Suppose 0 = 108*c - 3635 - 18397. Calculate the highest common factor of c and 9316.
68
Let n = -63 - -244. Let m = n + -81. Calculate the greatest common factor of m and 40.
20
Suppose 2*c = 7*c - 150. Suppose -z = -u - 5*z + 8, 8 = 5*u + 4*z. Suppose u = i - 149 + c. What is the highest common divisor of 17 and i?
17
Let p = 1204 - -941. What is the highest common divisor of 12 and p?
3
Suppose 20*s - 776 = -0*j - 4*j, -83 = -2*s - j. Suppose -2965 = -5*x + b, -7*b = -4*b + 15. What is the highest common factor of s and x?
37
Suppose 7*k - 69 = 351. Let c(h) = -4*h**2 - h + 3. Let r be c(-4). Let i = 93 + r. Calculate the highest common divisor of k and i.
12
Suppose 178 = 2*c - t - t, t = -3*c + 255. Suppose -8*g + c = -66. What is the highest common factor of g and 171?
19
Let p(k) = -16*k**3 + k**2 + k. Let l be p(-1). Suppose 17*i - l*i - 190 = 0. Calculate the greatest common divisor of 38 and i.
38
Let h(p) = -p**3 + 7 - 71*p**2 + 37*p**2 + p + 3 + 2*p**3. Let y be h(34). Calculate the highest common divisor of y and 22.
22
Let i(q) = -10*q + 9. Let f be i(3). Let u = f - -23. Suppose -101 - 192 = -3*o - u*x, -2*o - x + 196 = 0. Calculate the highest common factor of 11 and o.
11
Suppose 35 = -3*r + 35. Suppose 2*c - a + 15 = 2*a, r = -5*c - 2*a + 10. Suppose -7*d - 179 + 718 = c. What is the highest common factor of d and 11?
11
Let v be (3300/250)/((-4)/(-10)). Suppose -2*r - 5*l + 50 + 16 = 0, 0 = -r + 3*l + 33. Calculate the greatest common divisor of r and v.
33
Let z be 11/(16/((-144)/(-3))). Calculate the greatest common factor of 24 and z.
3
Let r be (1 - 1) + (18/(-12) - 407827/(-82)). What is the greatest common factor of r and 339?
113
Let p(y) = y**3 + 15*y**2 + 10*y + 6. Let c be p(-6). Let h = -1164 + 1380. What is the greatest common factor of h and c?
54
Let k = 21002 - 20984. What is the greatest common divisor of 3636 and k?
18
Let q(x) = 124*x - 532. Let m be q(19). What is the greatest common factor of 342 and m?
114
Let z(s) = -80*s + 15. Let d be z(-10). Suppose -3*h = 5*j - 0*h - d, 5*j - 780 = 4*h. What is the greatest common divisor of 10 and j?
10
Let a = 5763 + -5637. Calculate the highest common factor of 2352 and a.
42
Let o be (42/(-4))/(12/(-16)). Suppose 256 = 18*w - 20*w. Let f = w + 149. What is the greatest common divisor of o and f?
7
Let v be 57/(-18) + 1/6. Let u(s) = -2*s**2 - 14*s - 6. Let a be u(v). What is the highest common factor of 2 and a?
2
Suppose o + 11 = -4*m + 70, -2*o + 2*m + 108 = 0. What is the greatest common divisor of 80 and o?
5
Suppose -5*d - 43 = -3*s - 0*d, 0 = s - 3*d - 13. What is the greatest common factor of s and 1808?
16
Suppose -3*b = -0*b. Suppose b*m + 3*n + 4 = 2*m, -4*n = 2*m - 32. Let q = -1708 + 1780. What is the greatest common divisor of m and q?
8
Suppose -27*d + 3045 = -5325. Suppose 65 = s + 263. Let h = d + s. Calculate the greatest common divisor of 14 and h.
14
Suppose -5*h + 9*h - 568 = -d, 2*d = -h + 1150. What is the greatest common factor of d and 256?
64
Let r(x) = 128*x**2 + 1. Let c = -167 - -168. Let w be r(c). Calculate the highest common factor of 86 and w.
43
Let r(h) = -44*h - 92. Let g be r(-3). What is the highest common divisor of g and 16?
8
Let s = 56 + -32. Let o be (s/(-84))/((-43)/21 - -2). Calculate the greatest common factor of 12 and o.
6
Let p be 1/(-3 - 39/(-12)). Suppose -w + p = -29. Suppose -5*n + 4*q + w = 0, -n = -4*n + q + 17. Calculate the highest common divisor of n and 20.
5
Let b = -3473 + 5559. Calculate the highest common factor of b and 56.
14
Suppose 3*i + 2*a = 216, 19*a + 216 = 3*i + 18*a. Calculate the greatest common factor of i and 9.
9
Let n(c) be the second derivative of c**5/20 - c**4/3 + c**3 - 70*c. Let r be n(3). Calculate the greatest common factor of 48 and r.
3
Let v be (18/21)/(3/(-14)). Let n be (-3)/((-4 - -5)*v/216). Let x = -3 - -21. What is the greatest common divisor of n and x?
18
Suppose 28 + 22 = 5*q. Suppose 754 = 184*s - s - 3821. What is the greatest common divisor of s and q?
5
Let l = 3024 + -3015. What is the highest common factor of l and 9?
9
Let v = 272 - 250. Let j(h) = h**2 + 9*h + 13. Let i be j(-7). Let k be ((-33)/i)/((-18)/(-48)). Calculate the greatest common divisor of v and k.
22
Let g be (-8*1)/((-2)/1). Suppose 107 = 2*p - d, -106 = 2*p - g*p + 2*d. Let s = 29303 + -29297. What is the highest common divisor of s and p?
6
Suppose -4*h - 64 = -4*w, 0 = -2*h + h - 3*w - 12. Let x be 8*-5*h/10. Let m = x + 60. Calculate the greatest common factor of m and 15.
15
Suppose -4*o - 145*s + 147*s = 16, 4*o = s - 16. Let b(d) = -28 + 11 - 2*d - 36*d. Let r be b(o). Calculate the greatest common factor of 54 and r.
27
Let n(y) = -y**2 + 9*y + 11*y**2 - 9*y**2 - y**3. Let z be n(4). Let c be z/3*3/(-12). What is the highest common factor of c and 11?
1
Suppose 3*c - 133 - 53 = 0. Suppose 24*v - 3*o - 855 = 21*v, -3*v + 2*o = -849. What is the highest common factor of v and c?
31
Let i(g) = -g**3 + 28*g**2 + 20*g - 31. Let p be i(12). Calculate the greatest common divisor of 49 and p.
7
Let l be (15/(-6) + 4)*6. Suppose -l*n = -13*n + 44. Suppose 0 = 3*g + 3, -4*g + n = 5*z - 25. Calculate the highest common factor of 2 and z.
2
Let w = -622 + 130. Let x be (w/(-287))/(4/1526). Calculate the greatest common factor of x and 6.
6
Let h = 11832 - 11281. Calculate the greatest common factor of 190 and h.
19
Let a(s) = s**3 + 11*s**2 + s +